s - 7*s. What is the units digit of s?
5
What is the tens digit of (-20)/130 + 1096/26?
4
Let s be (3 + -5)/((-1)/28). Let h be 8/(-36) - s/(-9). Suppose 2*o + 28 = h*o. What is the units digit of o?
7
Let m be 22/10 + 1/(-5). Let g = 10 + m. What is the units digit of g?
2
Let z(v) = 3*v + 9. Let p be z(-9). What is the tens digit of 3*-17*6/p?
1
Suppose -2*y = 2*y + 2*v - 440, -3*y - v = -331. What is the tens digit of y?
1
Let t(h) = 11*h**2 + 3*h + 12. What is the tens digit of t(4)?
0
Let w be 9/1 + (-6)/3. What is the units digit of (-1*1)/(w/(-112))?
6
Let q(p) = p**3 - 6*p**2 - 6*p - 8. Let b be q(7). Let r = b + 6. Let m = 7 + r. What is the units digit of m?
2
Let b(y) be the third derivative of y**5/30 - y**4/12 - 4*y**2. What is the units digit of b(-2)?
2
Let m = -256 + 358. What is the hundreds digit of m?
1
Let b = 5 - 4. Let u be b/(2 - 18/10). Suppose -5*o + c - u*c - 7 = 0, c - 2 = -5*o. What is the units digit of o?
1
Suppose -4*r + 111 = -b - 0*b, 3*b = -4*r + 131. What is the tens digit of r?
2
Suppose 0 = -0*l + l - 127. What is the tens digit of l?
2
Let m(k) = -k**3 + 1 - 5*k - 3 - 2*k**2 - 2*k**2 + 0. What is the units digit of m(-3)?
4
Let z = 0 + 5. Suppose z*m + 65 = -80. Let y = m - -41. What is the tens digit of y?
1
Let w(a) = -a**3 + 8*a**2 - 4*a - 4. Let b(k) = k**2 - k + 7. Let c be b(0). What is the units digit of w(c)?
7
Suppose -7*u + 3*u = -44. Suppose u = 3*q + 2. Suppose -5*p + 28 + 2 = 4*z, -3*p = -q*z - 18. What is the units digit of p?
6
Let p = 98 + -29. What is the units digit of p?
9
Let n = 1009 + -716. What is the tens digit of n?
9
Let q(o) = -o**3 + 2*o**2 + 2*o + 3. Let s be q(3). Suppose s = 4*l - 11 - 17. What is the units digit of l?
7
What is the hundreds digit of (-1*8/2)/((-2)/107)?
2
Let p(r) = -r**2 + 12*r - 1. Let i be p(11). Suppose -4*l + 2*u = u - 58, -i = 5*u. What is the units digit of l?
4
Let y be (-1)/(-1) - (7 + -8). Suppose -f - y*f = -111. What is the tens digit of f?
3
Suppose -m = 4*m + 5. Let f be (-3)/m*(-2)/3. What is the units digit of 8/(-3)*3/f?
4
Let q be 4 + -1 + (1 - 18). Let m = 37 + q. What is the units digit of m?
3
Let b(g) be the second derivative of -g**4/12 - g**3/6 + 5*g**2/2 - 3*g. Let j be b(-4). Let d(f) = -f**3 - 7*f**2 + f + 8. What is the units digit of d(j)?
1
Let g = 14 + -8. What is the units digit of 44/3 + g/(-9)?
4
What is the tens digit of ((-6)/(-6))/((-3)/(-195))?
6
Let v(h) = h**2 + 6*h + 13. What is the tens digit of v(-10)?
5
Let d = 40 - 16. Suppose 0 = 3*j - a + 5*a + 23, -4*j - 4*a = d. Let t = 0 - j. What is the units digit of t?
1
Suppose -278 - 107 = -11*g. Let a = 9 + -1. Suppose -3*j = -a*j + g. What is the units digit of j?
7
Let d = 67 - -105. What is the tens digit of d?
7
Suppose 4*k - 2*v = 8, 0 = 2*k + 4*v - 5 + 1. Suppose -4*a - 8 = 0, w - 28 = 3*a + k*a. Let d = 34 - w. What is the tens digit of d?
1
Let q(n) = n**3 + 9*n**2 + n + 11. Let f be q(-9). What is the units digit of 2 + 4/(-4) + f?
3
Suppose -2*i + 52 + 93 = a, -4*a = 4*i - 584. What is the units digit of a?
7
What is the tens digit of (-2586)/(-12) + (-2)/4?
1
Let y(c) = 5*c**2. Let s be y(1). Let h = s - 12. What is the units digit of h*((-2 - -3) + -2)?
7
Let n = 39 - 21. What is the units digit of n?
8
Suppose -w + 0 + 3 = 0. Let d be 1/(-1 + (-56)/(-55)). Suppose -w*m = -5*p + d, -4*m - 12 = p - 0*m. What is the units digit of p?
8
Suppose 5*r + n - 238 = 0, 63 = 3*r + n - 81. What is the units digit of r?
7
Let k(o) = 2*o - 1. Let t be k(3). Suppose t*q = -3*g + 16, q + 2*g + 4 = 3. What is the units digit of q?
5
Suppose -3 = -x - 0*x. Let f be ((-49)/28)/((-2)/32). Suppose x*c - f = -c. What is the units digit of c?
7
Suppose -3*r + 649 = -98. What is the hundreds digit of r?
2
What is the tens digit of (29/6*-2)/(13/(-312))?
3
Suppose -344 = 5*w - 7*w. What is the units digit of w?
2
Suppose -r - 3*r - 12 = 0. What is the units digit of 1 - (-1 - (r + 7))?
6
Suppose 3*j - 2*i + 36 = 502, 152 = j - 4*i. What is the hundreds digit of j?
1
Let w(y) = -3*y**3 - 3*y + 2. Let b(q) = -4*q**3 - 4*q + 2. Let d(n) = 4*b(n) - 5*w(n). What is the units digit of d(-2)?
8
Let k(w) = -w**3 - 15*w**2 - 15. Let t be k(-15). Suppose -4*u = -5*y - 158, -3*y = 2*u + 74 + 34. Let p = t - y. What is the tens digit of p?
1
Suppose 0 = 8*n - 1272 - 352. What is the hundreds digit of n?
2
Let w(f) be the first derivative of -f**3/3 - 4*f**2 + 2*f + 3. Let z be w(-6). Suppose 2*s = z + 6. What is the tens digit of s?
1
Suppose 0 = 2*h + 5*a - 2, -3*h - 4*a = -5*h + 2. Let o = h - -3. Suppose o = -y + 3*y. What is the units digit of y?
2
Suppose b = -0 + 6. Let i = -3 + b. Suppose i*j - 6 = -0*j. What is the units digit of j?
2
What is the units digit of 0 - -4 - 5 - -70?
9
Suppose -2*i + 12 + 18 = 0. What is the units digit of i?
5
Suppose 0 = -2*x - 2 + 154. What is the tens digit of x?
7
Let g(j) = j**3 + 17*j**2 - 21*j + 14. What is the units digit of g(-18)?
8
Let g = 3 - 6. Let d = 9 + g. What is the units digit of 4/d*(0 + 3)?
2
Suppose -2*v - 62 = -4*k, 5*k = k + v + 63. Let j = k - 9. Suppose j*b + 18 = 3*o + 2*b, 3*b + 8 = -o. What is the units digit of o?
1
Let p(d) = 38*d + 2. What is the units digit of p(1)?
0
Suppose -5*i + 155 = 5*o, 0*i = -i - 3*o + 33. What is the units digit of i?
0
Let t(l) = l + 9. Let a = 26 + -17. What is the tens digit of t(a)?
1
What is the tens digit of 1004/7 - (-66)/(-154)?
4
Suppose -5*g + 1 = -14. Suppose -g*q = q. Suppose z - 2 = -q*z. What is the units digit of z?
2
Suppose -j - 14 = -2*f + 3*j, 0 = 5*f + 2*j + 13. What is the units digit of (-9)/(-6)*(f - -7)?
9
Suppose 3*j + 6 = -0*j, 3*f - 3*j = -24. Let t = -4 - f. What is the units digit of t/(-2)*1/(-3)?
1
What is the units digit of 18*(-4 + -2)*(-28)/16?
9
Let d = 9 - 2. Suppose -2*g - 4*q = -4, q = -3*g - 1 + d. Suppose 5*y = -g*c + 7, -3*y - 15 = -c + 5. What is the units digit of c?
1
Suppose -2 + 6 = h. Suppose -h*c + 7 = -1. Let x(p) = -p + 4. What is the units digit of x(c)?
2
Suppose v + 2*v - 34 = 2*k, -15 = -5*v - 5*k. Suppose 5*d + 4*c = -734, 166 + 150 = -2*d + 4*c. What is the units digit of d/20*v/(-10)?
6
Let c = 3 - 3. Let j(l) = 3 - 2 + 17*l + c*l. What is the tens digit of j(1)?
1
Let q(l) = -5*l**3 + l + 1. What is the units digit of q(-1)?
5
Suppose 10 = 4*a - 94. Let o = 5 + a. What is the tens digit of o?
3
Suppose 3*g + 9 = -3*v, -3*g - 2*g + 2*v - 36 = 0. Let f = 8 - g. What is the tens digit of f?
1
Let s = 13 - 1. Suppose -2*n + n - 3*c = -30, -s = -4*c. What is the tens digit of n?
2
Let i = -5 - -10. Suppose 0 = -i*n - 6 + 26. What is the units digit of n?
4
Suppose 0 = -4*u - r + 17, 4*u - 5*r - 17 = 18. Let v = 0 + u. What is the units digit of v?
5
Let b(o) = o**3 + 3*o**2 - 5*o - 3. Let n be b(-4). Let a(d) be the third derivative of 7*d**5/30 - d**4/24 + d**3/6 + 11*d**2. What is the tens digit of a(n)?
1
Suppose -3*r = -2*l - 3*l + 24, -4*l + 4*r + 24 = 0. Suppose l*o = -4 - 8. Let g(b) = -b**2 - 4*b + 1. What is the units digit of g(o)?
1
Let f be (-116)/10 + 2/(-5). Let u = -4 - f. What is the units digit of u?
8
Let x(k) = 3*k**2 - 9*k - 1 + 3*k**2 - 9 + k**3. Let q be x(-7). What is the units digit of 37/6 + q/(-24)?
6
Suppose 14 = 3*j + k, 4 = -4*j - 4*k + 20. Suppose -3*h + 25 = -5*x - 89, 150 = j*h + 5*x. What is the units digit of h?
3
Suppose n + 12 = -h, -3*n - 5*h = -0*h + 46. Let x = 21 - n. What is the units digit of x?
8
Let c = -6 - -8. Suppose 0 = -c*q - 2*q + 60. What is the tens digit of q?
1
Let h(m) = m**3 + 12*m**2 + 14. What is the units digit of h(-12)?
4
Let u(r) = -r. Let z be u(-4). Suppose 8 + 8 = z*w. Suppose 0*o + w*o + 3*q = -8, -4*q = 16. What is the units digit of o?
1
Suppose 0 = 3*z + 2*z + 2*w - 7, -w - 4 = 0. Suppose z*d - 66 = -6. What is the tens digit of d?
2
Suppose 0 = 2*q - 4, -2*q = 4*r - 96 - 8. What is the units digit of r?
5
Let n(c) = -2*c**2 - 12*c - 6. Let g be n(-5). Let y = 20 + 2. Suppose -5*i + v = 4*v - 68, -y = -2*i + g*v. What is the tens digit of i?
1
Let n be (-1 + 4)/(3/4). Suppose n*l - 3 = 9. What is the units digit of l?
3
Let q be 1 + -4 + 0 + 5. Suppose -5*j + 32 - q = 0. Let k(o) = 2*o + 5. What is the units digit of k(j)?
7
Suppose 7 = -b + 5. Let t = b + 4. What is the un